 r(-6).
-8
Let c(h) = 2*h**2 + h - 3. What is c(0)?
-3
Let g(q) = -3*q + 17. Give g(9).
-10
Let w(j) = j**3 - 7*j**2 - 7*j - 15. Calculate w(8).
-7
Let v(j) = -j**3 - 36*j**2 + 36*j - 9. Calculate v(-37).
28
Let y(g) = -g + 30. What is y(-13)?
43
Let h(x) = -2*x**2 + 9*x - 5. Give h(3).
4
Let w(l) = l**3 + 18*l**2 - 65*l - 43. Give w(-21).
-1
Let k(f) = 2*f**2 + 5*f + 7. Calculate k(-5).
32
Let r(d) = d**3 - 3*d**2 + 5*d + 4. Give r(5).
79
Let p(z) = 42*z + 11. Give p(-4).
-157
Let x(k) = -k + 35. Calculate x(23).
12
Let v(o) = 9*o**2 + o. What is v(1)?
10
Let a(v) = 6*v + 2. Determine a(0).
2
Let i(d) = 6*d + 48. What is i(-14)?
-36
Let x(v) = v + 10. Calculate x(0).
10
Let w(l) = -l**2 + 10. Calculate w(-8).
-54
Let s(i) = i**3 - 5*i**2 + i + 10. Calculate s(3).
-5
Let a(u) = u**2 + u - 9. Determine a(-4).
3
Let k(g) = -g**2 - 35*g - 33. Determine k(-34).
1
Let k(y) = -2*y**3 + 20*y**2 + 19*y + 34. What is k(11)?
1
Let w(g) = 2*g**2 + 16*g + 12. Calculate w(-7).
-2
Let w(k) = 7*k - 12. Calculate w(4).
16
Let y(k) = k**3 - 18*k**2 - 36*k - 46. Calculate y(20).
34
Let c(r) = -15*r - 2. What is c(3)?
-47
Let l(u) = 13*u + 1. Determine l(2).
27
Let p(x) = -x + 36. Determine p(11).
25
Let k(m) = -m**3 - 25*m + 25. Give k(1).
-1
Let k(n) = -9*n - 54. Give k(-6).
0
Let d(c) = -2*c**3 + 12*c**2 - 17*c + 3. Calculate d(4).
-1
Let f(s) = 2*s - 3. Calculate f(6).
9
Let k(x) = -51*x - 356. What is k(-7)?
1
Let f(s) = s**3 - 5*s**2 - 2*s - 7. Determine f(6).
17
Let x(v) = -v + 1. What is x(-5)?
6
Let d(f) = f**3 + 2*f**2 - 3*f. Determine d(2).
10
Let q(m) = m**3 + 7*m**2 + 3*m - 3. Determine q(-7).
-24
Let o(x) = -3*x**3 - 3*x**2 + 8*x + 3. Give o(-3).
33
Let y(r) = r**3 - 19*r**2 - 4. Calculate y(19).
-4
Let r(f) = -f**2 + 11*f + 22. What is r(14)?
-20
Let t(s) = -13*s + 140. Give t(13).
-29
Let o(f) = -f**2 + 12*f + 4. Calculate o(7).
39
Let n(c) = 3*c + 21. Calculate n(-9).
-6
Let d(z) = -z**2 + 9*z - 2. Determine d(9).
-2
Let b(l) = -l**2 - 35*l - 155. Calculate b(-30).
-5
Let k(r) = r**2 + 20*r + 58. Calculate k(-17).
7
Let o(s) = s + 7. Determine o(-3).
4
Let l(m) = -m**2 - 8*m - 3. Calculate l(-8).
-3
Let k(a) = -a**3 - 5*a**2 - 5*a - 5. Give k(-4).
-1
Let n(w) = -w**2 + 7*w - 16. Determine n(8).
-24
Let f(a) = -39*a + 1564. Calculate f(40).
4
Let j(u) = -u**3 - 5*u**2 - 11*u - 10. Give j(-4).
18
Let m(g) = -g**2 - 9*g + 10. What is m(-7)?
24
Let y(r) = 8*r + 11. Determine y(1).
19
Let f(h) = 3*h - 54. Determine f(2).
-48
Let y(j) = j**2 + 25*j + 133. What is y(-17)?
-3
Let y(z) = -z**3 + 6*z**2 + 3*z + 1. Calculate y(5).
41
Let y(h) = -h**3 - 54*h**2 + 53*h - 113. Give y(-55).
-3
Let q(r) = -7*r - 44. What is q(-5)?
-9
Let y(o) = -2*o**2 + 78*o + 8. What is y(39)?
8
Let d(c) = -11*c + 27. Determine d(3).
-6
Let f(w) = w**2 + 6*w + 10. What is f(-5)?
5
Let c(x) = -x**3 - 6*x**2 - 3. Calculate c(-6).
-3
Let o(f) = -f**2 + 12*f + 7. Determine o(13).
-6
Let b(j) = 97*j + 477. Calculate b(-5).
-8
Let z(c) = -c**3 - 5*c**2 - 4*c + 1. Determine z(-4).
1
Let r(l) = -l**3 + 6*l**2 + 13. Give r(6).
13
Let q(b) = 4*b - 6. What is q(4)?
10
Let a(q) = -3*q + 10. Calculate a(-8).
34
Let u(f) = 2*f**2 - 16*f - 7. Calculate u(5).
-37
Let q(x) = 2*x**2 + 15*x + 3. Calculate q(-6).
-15
Let g(h) = -4*h. Calculate g(1).
-4
Let p(q) = q**3 + 6*q**2 - 16*q + 1. Determine p(-8).
1
Let c(d) = -d**3 + 7*d**2 - 3*d - 20. Give c(6).
-2
Let d(x) = 8*x - 8. What is d(6)?
40
Let m(w) = -w**3 - 11*w**2 + 18*w + 70. Give m(-12).
-2
Let o(n) = n**3 + 24*n**2 - 28*n - 83. Calculate o(-25).
-8
Let y(b) = b - 4. Determine y(-5).
-9
Let h(x) = -x**2 - 17*x + 484. Give h(-32).
4
Let f(w) = w**2 - 9*w - 9. Determine f(9).
-9
Let j(g) = g**3 + 10*g**2 + 10*g + 16. Give j(-6).
100
Let b(t) = t**3 - 3*t**2 - 6*t + 5. Give b(5).
25
Let a(s) = -s**2 + 11*s - 25. Calculate a(8).
-1
Let h(j) = j**3 - 18*j**2 - 10*j - 158. Give h(19).
13
Let h(a) = -114*a - 224. What is h(-2)?
4
Let l(n) = -n**3 + n**2. What is l(-2)?
12
Let i(q) = 3*q + 73. Determine i(-23).
4
Let p(l) = l**3 + 3*l**2 - 5*l + 2. Give p(-4).
6
Let s(a) = -a**2 + 9. Calculate s(4).
-7
Let x(m) = 10*m - 1. Give x(2).
19
Let j(w) = -4*w + 28. Calculate j(7).
0
Let y(r) = 14*r - 80. Calculate y(6).
4
Let c(t) = -4*t**2 - 2*t - 3. Give c(-3).
-33
Let n(y) = 4*y**2 + 5*y + 4. Give n(-2).
10
Let r(x) = x**2 + 11*x + 21. Give r(-7).
-7
Let i(z) = z**2 + 4*z. Calculate i(-7).
21
Let k(i) = -26*i**2 - 153*i + 12. Determine k(-6).
-6
Let r(m) = -2*m**2 + 15*m - 7. What is r(6)?
11
Let u(m) = -m**2 + 4. What is u(4)?
-12
Let r(h) = h**2. Calculate r(-4).
16
Let m(x) = x**3 + 40*x**2 - 40*x + 34. Give m(-41).
-7
Let a(i) = 7*i - 1. Determine a(-1).
-8
Let x(f) = 25*f + 292. Give x(-12).
-8
Let b(d) = -2*d**2 + 3*d + 10. Calculate b(3).
1
Let j(a) = 9*a - 10. Determine j(3).
17
Let h(c) = c - 37. Calculate h(7).
-30
Let d(z) = z**2 + 10*z + 40. What is d(-11)?
51
Let m(u) = -u**3 + 9*u**2 - 10*u + 6. What is m(8)?
-10
Let v(r) = 2*r - 1. What is v(1)?
1
Let w(q) = -7*q - 83. Determine w(-12).
1
Let g(v) = 7*v + 3. Give g(-1).
-4
Let b(l) = l**2 - 12*l - 35. Determine b(14).
-7
Let i(b) = 59*b**2 + 3*b + 2. What is i(-1)?
58
Let w(r) = -r**2 - 4*r - 4. Give w(-4).
-4
Let b(a) = a**3 + 2*a**2 + a - 9. What is b(5)?
171
Let a(f) = -12*f - 88. What is a(-8)?
8
Let c(o) = -o - 8. What is c(-6)?
-2
Let x(j) = -j - 2. Give x(-7).
5
Let a(q) = -4*q + 15. Calculate a(6).
-9
Let j(q) = 2*q**2 + 79*q + 35. What is j(-39)?
-4
Let j(a) = a**2 - 17*a - 26. Give j(18).
-8
Let h(l) = -3*l - 8. Calculate h(-5).
7
Let l(g) = 5*g**2 + 2*g + 1. Give l(-2).
17
Let a(d) = 2*d - 15. What is a(16)?
17
Let c(d) = 87*d - 357. What is c(4)?
-9
Let m(b) = 6*b + 1. What is m(3)?
19
Let a(f) = -5*f + 33. Calculate a(-7).
68
Let c(u) = u**3 - 2*u**2 + 4*u - 2. Give c(2).
6
Let m(t) = t + 4. Determine m(2).
6
Let c(g) = g**2 - 29*g - 8. What is c(29)?
-8
Let v(o) = 3*o**3 + 3*o**2 + 5*o + 2. Calculate v(-2).
-20
Let z(o) = o**2 - 10*o - 10. What is z(11)?
1
Let y(q) = -q**3 + 12*q**2 - 22*q + 19. Give y(10).
-1
Let g(s) = 9*s - 7. Determine g(2).
11
Let n(s) = -9*s - 25. What is n(-13)?
92
Let t(c) = -c**3 - c**2 - 2*c - 64. Give t(0).
-64
Let t(n) = n**3 + 4*n**2 - 10*n - 17. Calculate t(-6).
-29
Let n(u) = -u**3 - 12*u**2 - 9*u + 13. What is n(-11)?
-9
Let r(i) = -i**2 - 2*i + 38. Determine r(-7).
3
Let w(i) = -3*i**3 + 3*i**2 + 2*i + 1. Calculate w(2).
-7
Let c(q) = -51*q + 320. What is c(6)?
14
Let x(j) = j**3 - 10*j**2 + 6*j + 10. Determine x(9).
-17
Let g(a) = -19*a**2 - 75*a + 4. Calculate g(-4).
0
Let s(w) = -21*w + 5. What is s(0)?
5
Let r(k) = -k**3 - 9*k**2 - 9*k - 9. Give r(-8).
-1
Let h(m) = -25*m + 61. Give h(8).
-139
Let n(w) = w**3 + 8*w**2 + 7*w - 8. What is n(-6)?
22
Let b(x) = x**3 + 14*x**2 - x - 8. Calculate b(-14).
6
Let z(y) = 12*y + 138. Give z(-11).
6
Let p(s) = s + 37. What is p(-20)?
17
Let z(x) = 2*x**2 - 11*x - 8. Calculate z(5).
-13
Let j(k) = 4*k + 12. Determine j(-9).
-24
Let o(g) = -g**2 + 10*g - 12. What is o(8)?
4
Let r(o) = 48*o - 317. Give r(6).
-29
Let u(j) = j**3 + 7*j**2 - 9*j - 9. Calculate u(-9).
-90
Let s(q) = -q**2 - 10*q + 7. Calculate s(-11).
-4
Let l(g) = -g - 59. Determine l(0).
-59
Let p(l) = l**2 - 12*l + 2. Determine p(12).
2
Let r(t) = -2*t**3 + 38*t**2 - 37*t + 11. What is r(18)?
-7
Let d(f) = 5*f - 6. Calculate d(5).
19
Let c(u) = -3*u + 31. Calculate c(18).
-23
Let k(o) = 2*o**2 + 15*o + 15. What is k(-7)?
8
Let n(f) = -f**2 - 6*f - 3. What is n(-6)?
-3
Let c(y) = -3*y**2 - 4*y + 2. Calculate c(-3).
-13
Let i(k) = -17*k**3 + k**2 + k. Determine i(-1).
17
Let b(a) = -a**2 - 6*a + 49. Give b(-16).
-111
Let u(a) = -2*a**2 - 11*a - 26. What is u(-4)?
-14
Let u(k) = -k**2 + 12*k - 11. Calculate u(6).
25
Let w(c) = 3*c**2 + 11*c + 19. What is w(-7)?
89
Let k(a) = -a**3 - a**2 + a - 3. Give k(0).
-3
Let v(m) = m**3 + 2*m**2 + 54*m + 104. Determine v(-2).
-4
Let x(f) = f**3 - 6*f**2 - 8*f + 5. Calculate x(6).
-43
Let n(b) = -b**2 - 7*b + 19. Give n(-8).
11
Let u(i) = 21*i. Calculate u(-3).
-63
Let a(r) = -r**3 - 11*r**2 - 20*r - 30. Give a(-6).
-90
Let a(y) = y - 1. What is a(-8)?
-9
Let y(d) = 2*d**2 + 12*d + 6. Calculate y(-6).
6
Let r(s) = 18*s + 4. Determine r(2).
40
Let r(q) = q**2 + 20*q - 14. Give r(-19).
-33
Let